*3 + 12*x**2 - 9*x - 4. Give q(11).
18
Let f(c) = c**2 - 10*c + 9. Give f(4).
-15
Let c(s) = s**3 - 5*s**2 - s + 9. Calculate c(5).
4
Let w(l) = -20*l**3 + l. What is w(-1)?
19
Let q(z) = 11*z - 47. Give q(5).
8
Let q(g) = -g**2 - 9*g - 6. Calculate q(-7).
8
Let t(a) = -2*a**2 - 2*a + 14. What is t(4)?
-26
Let j(r) = -6*r**2 + 14*r + 26. Determine j(4).
-14
Let z(d) = 109*d - 1. Give z(2).
217
Let h(q) = 3*q**2 - 14*q + 36. What is h(4)?
28
Let d(w) = 159*w + 955. Calculate d(-6).
1
Let g(s) = 6*s - 16. Calculate g(5).
14
Let x(l) = l**3 - l**2 - l + 3. Determine x(2).
5
Let x(r) = 3*r + 11. Give x(-12).
-25
Let j(a) = -2*a**2 - 133*a + 208. Calculate j(-68).
4
Let x(i) = -4*i**2 - i + 2. Give x(1).
-3
Let i(z) = 2*z**3 - 2*z**2 - 2*z + 2. Give i(3).
32
Let l(f) = f**2 + 10*f + 14. Determine l(-8).
-2
Let g(a) = -a**3 - 7*a**2 + 8*a - 13. Determine g(-8).
-13
Let g(d) = -53*d - 322. Calculate g(-6).
-4
Let w(s) = s**2 + 27*s - 11. Calculate w(-28).
17
Let a(n) = -n**3 - 10*n**2 - 27*n - 94. Determine a(-8).
-6
Let a(z) = -z + 22. Determine a(13).
9
Let k(s) = s**3 + 9*s**2 + 9*s + 11. Determine k(-8).
3
Let w(p) = p**3 + 8*p**2 + 9*p + 22. Determine w(-7).
8
Let d(m) = m**3 + 12*m**2 + 15*m + 23. Determine d(-11).
-21
Let j(a) = -3*a**2 - 13*a + 4. Determine j(-5).
-6
Let t(s) = 7*s + 2. Determine t(1).
9
Let w(t) = t**3 - 7*t**2 + 5*t + 14. Give w(6).
8
Let i(v) = 2*v**2 - 25*v - 45. Give i(14).
-3
Let g(b) = 2*b**3 - 3*b**2 - b + 2. What is g(-1)?
-2
Let c(o) = -o**3 - 9*o**2 - 9*o + 4. Calculate c(-7).
-31
Let o(m) = -3*m - 92. What is o(-31)?
1
Let x(r) = -r**3 + 8*r**2 + 5*r - 8. Calculate x(8).
32
Let t(j) = -j - 14. What is t(-18)?
4
Let b(q) = -25*q + 324. Determine b(13).
-1
Let j(d) = d**3 - 6*d**2 - 9*d + 14. Calculate j(7).
0
Let y(j) = -5*j**3 + 147*j**2 - 61*j + 89. What is y(29)?
2
Let i(r) = -5*r - 55. Calculate i(-11).
0
Let u(t) = -t**3 + 15*t**2 - t + 37. Calculate u(15).
22
Let o(h) = -389*h + 2338. Give o(6).
4
Let d(v) = -84*v**2 + 3*v - 2. What is d(1)?
-83
Let y(o) = o**2 - 7*o + 7. What is y(5)?
-3
Let s(h) = h**3 + 22*h**2 + h + 8. Give s(-22).
-14
Let k(v) = v**2 + 25*v + 10. What is k(-25)?
10
Let l(x) = -x**2 + 2*x - 2. Give l(2).
-2
Let c(u) = -2*u**2 + 8*u + 2. What is c(7)?
-40
Let w(z) = z**2 + 5*z + 5. What is w(-3)?
-1
Let l(m) = -18*m + 183. Determine l(11).
-15
Let g(n) = n**3 - 27*n**2 + 48*n + 59. Determine g(25).
9
Let m(r) = -12*r + 12. Determine m(-4).
60
Let v(t) = -t**3 + 4*t**2 + 17. Determine v(5).
-8
Let x(l) = -l**2 + 2*l + 9. Calculate x(5).
-6
Let n(l) = 4*l + 27. Calculate n(10).
67
Let r(m) = 2*m**2 + 33*m + 1. Determine r(-16).
-15
Let y(u) = -u**2 - 22. Determine y(0).
-22
Let h(c) = -27*c + 151. Determine h(6).
-11
Let y(m) = -m**3 - 3*m**2 + 7*m + 2. Give y(-4).
-10
Let z(i) = 2*i - 4. Give z(-6).
-16
Let r(u) = -23*u + 47. What is r(2)?
1
Let x(a) = a**3 - 8*a**2 - 6*a - 3. Calculate x(9).
24
Let z(n) = 5*n - 18. Give z(5).
7
Let z(y) = -y - 8. What is z(-10)?
2
Let y(q) = 24*q - 430. What is y(18)?
2
Let z(h) = h - 2. Calculate z(15).
13
Let c(p) = p**3 + p**2 - 3*p + 1. Give c(-3).
-8
Let c(h) = -h**2 - 7*h - 7. Determine c(-6).
-1
Let p(y) = -y**3 - 19*y**2 - 18*y - 26. Give p(-18).
-26
Let i(p) = -20*p - 198. Calculate i(-10).
2
Let q(x) = 2*x**3 - 25*x**2 - 12*x + 7. Calculate q(13).
20
Let c(t) = -13*t + 1. Determine c(-1).
14
Let i(j) = -3*j**2 - 2*j - 120. Give i(0).
-120
Let n(z) = 3*z - 1. Calculate n(-3).
-10
Let h(a) = a**2 - 15*a + 16. Give h(14).
2
Let g(o) = -2*o**2 + 6*o - 12. What is g(0)?
-12
Let q(v) = -v**3 + 17*v**2 + 18*v + 4. Calculate q(18).
4
Let w(j) = -j**3 + 73*j**2 + 72*j + 148. Give w(74).
0
Let q(n) = -n**2 + 10. What is q(0)?
10
Let v(g) = g**2 - 13*g + 19. Give v(11).
-3
Let a(g) = -g**3 - 13*g**2 - 5. Determine a(-13).
-5
Let m(g) = g**2 + 6*g + 4. What is m(-4)?
-4
Let n(r) = r**3 - 8*r**2 + 10*r + 6. What is n(6)?
-6
Let c(p) = p + 9. Calculate c(-3).
6
Let o(u) = u**3 - 8*u**2 - 19*u - 30. Give o(10).
-20
Let z(i) = -i**3 - 5*i**2 - 3*i - 5. Give z(-5).
10
Let u(z) = z**2 - z. Calculate u(2).
2
Let l(h) = 2*h**2 - 25*h + 74. Determine l(6).
-4
Let u(f) = -15*f**3 + f**2 - f + 1. What is u(1)?
-14
Let k(g) = -g**2 + 4*g + 4. Determine k(-4).
-28
Let r(u) = 2*u**3 - 34*u**2 + 3*u - 37. Give r(17).
14
Let l(m) = m**2 - 9*m - 17. Calculate l(10).
-7
Let j(i) = i**3 + 5*i**2 - i + 23. Calculate j(-6).
-7
Let o(y) = 5*y - 25. Determine o(10).
25
Let g(l) = -4*l**3 - l**2 - l - 1. What is g(-1)?
3
Let o(g) = -2*g + 62. Calculate o(14).
34
Let b(h) = h**2 + 9*h - 208. Determine b(-20).
12
Let r(a) = -6*a**3 + 2*a**2 - 1. Determine r(1).
-5
Let p(l) = 2*l - 16. Determine p(13).
10
Let a(v) = -v**3 + 7*v**2 - 8*v + 5. Determine a(6).
-7
Let v(n) = 2*n**2 - 6*n + 26. What is v(4)?
34
Let s(p) = p**3 - 9*p**2 + 12*p - 1. Calculate s(5).
-41
Let p(s) = -4*s**2 - 63*s + 19. Determine p(-16).
3
Let d(s) = -s**3 + 5*s**2 - 5*s - 2. Calculate d(4).
-6
Let t(f) = 6*f**2 - 159*f + 78. Give t(26).
0
Let v(f) = f + 25. Calculate v(-25).
0
Let u(t) = -4*t + 14. Determine u(6).
-10
Let d(v) = -v - 4. Give d(-18).
14
Let a(x) = 3*x - 31. What is a(16)?
17
Let s(m) = 24*m + 112. Calculate s(-5).
-8
Let p(g) = g**2 + 2*g + 5. Determine p(-5).
20
Let g(r) = -3*r**3 - r**2 + 2*r + 2. What is g(-2)?
18
Let o(v) = -27*v + 4. Give o(-2).
58
Let f(x) = -6*x**3 + 3*x + 3. Determine f(-1).
6
Let s(u) = -2*u**2 + 21*u + 6. Calculate s(11).
-5
Let k(b) = b**3 - b**2 - b - 3. Determine k(3).
12
Let b(f) = 2*f + 33. Give b(-14).
5
Let y(m) = m**3 - 7*m**2 + m + 6. Give y(7).
13
Let m(u) = -u**3 + 24*u**2 + 26*u - 31. Determine m(25).
-6
Let p(o) = -4*o - 78. Give p(-19).
-2
Let b(g) = g**3 + 11*g**2 + 10*g - 10. Give b(-10).
-10
Let r(t) = -t**2 + 18*t - 60. What is r(5)?
5
Let j(f) = -65*f - 3. Determine j(-2).
127
Let a(w) = -w**3 + 3*w**2 + 7*w - 22. Calculate a(4).
-10
Let i(y) = 9*y - 45. Calculate i(7).
18
Let d(i) = i**3 + i**2 - i - 105. Give d(0).
-105
Let s(r) = 10*r. Calculate s(-1).
-10
Let m(q) = -4*q + 31. What is m(7)?
3
Let c(a) = -a**3 + 6*a**2 - 3*a - 4. Determine c(5).
6
Let z(m) = -m**2 - 10*m + 44. Calculate z(-13).
5
Let a(y) = y**3 + 17*y**2 - 15*y + 124. Calculate a(-18).
70
Let l(c) = -3*c**2 - 2*c - 1. Give l(-2).
-9
Let n(p) = -8*p + 140. What is n(17)?
4
Let l(w) = 48*w - 382. What is l(8)?
2
Let f(m) = m**3 - 8*m**2 + 7*m + 6. Determine f(6).
-24
Let y(d) = d**2 + 18*d - 41. Calculate y(-20).
-1
Let b(f) = -7*f**2 + 3*f + 7. Give b(-3).
-65
Let l(u) = 3*u + 28. Calculate l(-10).
-2
Let k(o) = o**3 + o**2 - 4*o + 3. Determine k(-3).
-3
Let g(m) = m**3 + 11*m**2 - 7*m + 55. Determine g(-12).
-5
Let s(v) = v**3 + 4*v**2 + v - 1. Calculate s(-3).
5
Let u(s) = -s**2 - 10*s + 7. Determine u(-13).
-32
Let k(i) = -120*i**2 - 2*i + 3. Give k(1).
-119
Let q(a) = a**3 + a**2 - a + 6. Determine q(-3).
-9
Let w(t) = t + 13. Calculate w(7).
20
Let v(d) = d**2 + 25*d + 140. Calculate v(-8).
4
Let c(i) = i**3 + 16*i**2 + 2*i - 16. What is c(-16)?
-48
Let g(s) = -2*s**2 - 5*s + 1. Calculate g(-4).
-11
Let z(m) = 2*m - 11. Calculate z(8).
5
Let a(u) = u - 18. Calculate a(-6).
-24
Let s(c) = -c**3 + 6*c**2 + 17*c - 6. Calculate s(8).
2
Let k(n) = -n**3 - 14*n**2 - 17*n - 11. What is k(-13)?
41
Let k(h) = -h**2 - 10*h. What is k(-9)?
9
Let m(b) = b**2 - b - 111. Give m(11).
-1
Let k(y) = y. Calculate k(13).
13
Let k(i) = 2*i + 8. Calculate k(5).
18
Let i(a) = a**2 - 11*a + 13. Determine i(12).
25
Let t(c) = c**3 + c + 5. Give t(0).
5
Let y(d) = 8*d**2 - 3*d. Calculate y(1).
5
Let h(d) = d**3 + 34*d**2 + 31*d - 68. Give h(-33).
-2
Let k(j) = 25*j - 467. What is k(19)?
8
Let u(r) = -r**3 + 4*r**2 - r - 4. Calculate u(3).
2
Let s(o) = -o**2 - 15*o - 55. What is s(-10)?
-5
Let c(f) = -f**3 - 3*f**2 + 3*f + 9. Determine c(-3).
0
Let m(o) = -4*o**2 + 9*o + 2. Give m(4).
-26
Let s(d) = 2*d + 11. Calculate s(-3).
5
Let a(r) = 9*r + 104. Give a(-14).
-22
Let h(t) = t**3 - 5*t**2 + 4*t - 3. What is h(3)?
-9
Let q(n) = -n**3 - 2*n**2 + 2*n - 9. Give q(-4).
15
Let g(q) = -4*q + 81. What is g(20)?
1
Let t(o) = -16*o + 232. Calculate t(15).
-8
Let x(m) = -m + 19. What is x(-19)?
38
Let f(y) = y - 8. Calculate f(15).
7
Let z(w) = -w**3 - 6*w**2 - 6*w - 1. Give z(-5).
4
Let j(n) = 2*n + 32.